ime factors of 1618198.
2, 89, 9091
List the prime factors of 1311850.
2, 5, 26237
What are the prime factors of 42979?
42979
List the prime factors of 179067.
3, 7, 8527
What are the prime factors of 5765539?
13, 59, 7517
What are the prime factors of 8429261?
229, 36809
List the prime factors of 2400468.
2, 3, 7, 17, 41
What are the prime factors of 66300?
2, 3, 5, 13, 17
What are the prime factors of 2068906?
2, 7, 147779
What are the prime factors of 2582712?
2, 3, 11, 1087
What are the prime factors of 3966185?
5, 17, 29, 1609
What are the prime factors of 2713231?
367, 7393
What are the prime factors of 14254402?
2, 7127201
What are the prime factors of 3108822?
2, 3, 518137
List the prime factors of 25141968.
2, 3, 58199
List the prime factors of 405210.
2, 3, 5, 13, 1039
What are the prime factors of 610037?
313, 1949
What are the prime factors of 19532449?
31, 43, 14653
What are the prime factors of 146029?
13, 47, 239
What are the prime factors of 1044579?
3, 191, 1823
List the prime factors of 6945.
3, 5, 463
What are the prime factors of 6380059?
7, 911437
List the prime factors of 210053.
210053
List the prime factors of 938242.
2, 469121
List the prime factors of 251524.
2, 7, 13, 691
List the prime factors of 158188.
2, 71, 557
What are the prime factors of 456898?
2, 13, 17573
List the prime factors of 298571.
7, 13, 17, 193
What are the prime factors of 4948837?
197, 25121
What are the prime factors of 3617685?
3, 5, 17, 4729
What are the prime factors of 1328100?
2, 3, 5, 19, 233
What are the prime factors of 2297955?
3, 5, 11, 19, 733
List the prime factors of 33166357.
7, 149, 31799
What are the prime factors of 331122?
2, 3, 11, 29, 173
What are the prime factors of 603658?
2, 11, 23, 1193
What are the prime factors of 1902729?
3, 71, 8933
List the prime factors of 7803268.
2, 11, 177347
What are the prime factors of 755844?
2, 3, 62987
List the prime factors of 231357.
3, 7, 23, 479
What are the prime factors of 2613147?
3, 421, 2069
List the prime factors of 217111.
217111
List the prime factors of 189730.
2, 5, 18973
What are the prime factors of 203293?
203293
What are the prime factors of 417968?
2, 151, 173
List the prime factors of 31170.
2, 3, 5, 1039
List the prime factors of 1733476.
2, 433369
List the prime factors of 811696.
2, 97, 523
List the prime factors of 6255.
3, 5, 139
What are the prime factors of 12280497?
3, 67, 107, 571
List the prime factors of 7874106.
2, 3, 1312351
What are the prime factors of 2071397?
2071397
What are the prime factors of 235386?
2, 3, 1453
What are the prime factors of 96272?
2, 11, 547
List the prime factors of 31676833.
31676833
What are the prime factors of 1468960?
2, 5, 9181
List the prime factors of 2377246.
2, 17, 29, 2411
What are the prime factors of 10175332?
2, 2543833
What are the prime factors of 396107?
396107
What are the prime factors of 1293593?
7, 283, 653
List the prime factors of 104799.
3, 181, 193
List the prime factors of 21747704.
2, 11, 19, 13007
List the prime factors of 163558.
2, 53, 1543
What are the prime factors of 204953?
7, 19, 23, 67
List the prime factors of 9025188.
2, 3, 37, 20327
What are the prime factors of 2173858?
2, 17, 3761
What are the prime factors of 2388139?
13, 1087
List the prime factors of 1364854.
2, 682427
What are the prime factors of 2103756?
2, 3, 19, 9227
List the prime factors of 11327671.
11327671
What are the prime factors of 112431?
3, 11, 3407
What are the prime factors of 14171855?
5, 41, 73, 947
What are the prime factors of 39329?
67, 587
What are the prime factors of 12600814?
2, 103, 61169
List the prime factors of 23281414.
2, 13, 547, 1637
What are the prime factors of 934460?
2, 5, 46723
What are the prime factors of 10649881?
11, 769, 1259
What are the prime factors of 11319166?
2, 829, 6827
What are the prime factors of 557722?
2, 11, 101, 251
What are the prime factors of 13845181?
7, 101, 19583
List the prime factors of 14174384.
2, 7, 271, 467
List the prime factors of 146775.
3, 5, 19, 103
What are the prime factors of 1277351?
19, 23, 37, 79
List the prime factors of 1302973.
7, 23, 8093
What are the prime factors of 8848532?
2, 7, 11, 28729
What are the prime factors of 253169?
7, 59, 613
List the prime factors of 1171442.
2, 585721
What are the prime factors of 9543845?
5, 1908769
List the prime factors of 7526199.
3, 163, 15391
List the prime factors of 21698423.
107, 149, 1361
What are the prime factors of 1929676?
2, 7, 68917
What are the prime factors of 9171493?
1213, 7561
List the prime factors of 136492.
2, 34123
List the prime factors of 269103.
3, 271, 331
What are the prime factors of 141627?
3, 17, 2777
What are the prime factors of 90183?
3, 23, 1307
What are the prime factors of 7357344?
2, 3, 173, 443
List the prime factors of 8633790.
2, 3, 5, 11, 17, 19
List the prime factors of 83330.
2, 5, 13, 641
What are the prime factors of 19064574?
2, 3, 61, 97, 179
What are the prime factors of 133494?
2, 3, 19, 1171
List the prime factors of 816510.
2, 3, 5, 17, 1601
What are the prime factors of 1419812?
2, 354953
List the prime factors of 1015947.
3, 157, 719
What are the prime factors of 16175364?
2, 3, 17, 37, 2143
List the prime factors of 2097121.
13, 12409
What are the prime factors of 3963277?
3963277
What are the prime factors of 617455?
5, 123491
List the prime factors of 135023.
7, 19289
List the prime factors of 379294.
2, 199, 953
List the prime factors of 545178.
2, 3, 90863
List the prime factors of 288405.
3, 5, 13, 17, 29
List the prime factors of 20057.
31, 647
List the prime factors of 3560669.
7, 271, 1877
List the prime factors of 218397.
3, 43, 1693
List the prime factors of 62918.
2, 163, 193
What are the prime factors of 2985907?
19, 41, 3833
What are the prime factors of 182143?
13, 14011
List the prime factors of 554947.
269, 2063
What are the prime factors of 2322667?
2322667
List the prime factors of 1176258.
2, 3, 196043
List the prime factors of 2497925.
5, 41, 2437
What are the prime factors of 7981003?
29, 275207
What are the prime factors of 1000364?
2, 250091
What are the prime factors of 6891750?
2, 3, 5, 1021
What are the prime factors of 1038700?
2, 5, 13, 17, 47
List the prime factors of 366038.
2, 29, 6311
What are the prime factors of 8709?
3, 2903
What are the prime factors of 6770257?
13, 23, 22643
What are the prime factors of 18057743?
11, 1641613
List the prime factors of 3329588.
2, 443, 1879
List the prime factors of 7258804.
2, 7, 41, 6323
What are the prime factors of 467379?
3, 11, 4721
What are the prime factors of 1098052?
2, 223, 1231
List the prime factors of 55837.
55837
What are the prime factors of 981910?
2, 5, 149, 659
List the prime factors of 112746.
2, 3, 19, 23, 43
List the prime factors of 15612.
2, 3, 1301
List the prime factors of 249110.
2, 5, 29, 859
List the prime factors of 7434075.
3, 5, 11, 9011
What are the prime factors of 1366177?
23, 59399
What are the prime factors of 1495772?
2, 373943
List the prime factors of 7060.
2, 5, 353
List the prime factors of 274119.
3, 91373
List the prime factors of 26006517.
3, 53, 54521
List the prime factors of 2085520.
2, 5, 131, 199
What are the prime factors of 2296305?
3, 5, 11, 4639
What are the prime factors of 6761818?
2, 7, 17, 28411
What are the prime factors of 56074?
2, 23, 53
What are the prime factors of 163352?
2, 7, 2917
What are the prime factors of 36377?
11, 3307
List the prime factors of 2991009.
3, 7, 20347
What are the prime factors of 5337156?
2, 3, 11, 40433
List the prime factors of 300086.
2, 19, 53, 149
What are the prime factors of 21014185?
5, 229, 18353
What are the prime factors of 390610?
2, 5, 11, 53, 67
What are the prime factors of 3244721?
3244721
What are the prime factors of 3632216?
2, 7, 37, 1753
List the prime factors of 33374868.
2, 3, 19, 146381
List the prime factors of 190954.
2, 307, 311
What are the prime factors of 228469?
228469
What are the prime factors of 3465170?
2, 5, 373, 929
What are the prime factors of 252964?
2, 63241
List the prime factors of 23211.
3, 2579
What are the prime factors of 923341?
923341
What are the prime factors of 8636523?
3, 7, 23, 17881
What are the prime factors of 5191278?
2, 3, 865213
List the prime